 101505?
0
What is the ten thousands digit of 140677?
4
What is the hundred thousands digit of 572378?
5
What is the hundreds digit of 2189161?
1
What is the ten thousands digit of 3681720?
8
What is the thousands digit of 1981053?
1
What is the hundreds digit of 5685988?
9
What is the thousands digit of 238713?
8
What is the hundreds digit of 13405?
4
What is the units digit of 2594960?
0
What is the thousands digit of 19781?
9
What is the tens digit of 6445165?
6
What is the units digit of 29291717?
7
What is the thousands digit of 1100299?
0
What is the units digit of 8239363?
3
What is the thousands digit of 127965?
7
What is the hundreds digit of 1015699?
6
What is the units digit of 5789915?
5
What is the tens digit of 326672?
7
What is the units digit of 14869116?
6
What is the millions digit of 1133166?
1
What is the thousands digit of 340905?
0
What is the hundreds digit of 2078749?
7
What is the thousands digit of 614795?
4
What is the hundreds digit of 217933?
9
What is the tens digit of 6069?
6
What is the units digit of 150431?
1
What is the thousands digit of 2866140?
6
What is the ten thousands digit of 198429?
9
What is the units digit of 3503558?
8
What is the hundred thousands digit of 759678?
7
What is the hundreds digit of 573104?
1
What is the ten thousands digit of 704901?
0
What is the tens digit of 256627?
2
What is the millions digit of 11808872?
1
What is the units digit of 986851?
1
What is the hundred thousands digit of 1810656?
8
What is the ten thousands digit of 2113449?
1
What is the thousands digit of 688716?
8
What is the ten thousands digit of 735945?
3
What is the tens digit of 1058835?
3
What is the hundreds digit of 288247?
2
What is the millions digit of 17166650?
7
What is the hundred thousands digit of 2835689?
8
What is the units digit of 7322275?
5
What is the thousands digit of 308909?
8
What is the thousands digit of 9577649?
7
What is the ten thousands digit of 4557196?
5
What is the units digit of 214797?
7
What is the ten thousands digit of 23388?
2
What is the hundreds digit of 2903130?
1
What is the units digit of 57484?
4
What is the thousands digit of 1830338?
0
What is the millions digit of 19305273?
9
What is the hundreds digit of 402374?
3
What is the hundred thousands digit of 145039?
1
What is the tens digit of 11615314?
1
What is the millions digit of 8794647?
8
What is the units digit of 696883?
3
What is the hundreds digit of 3790659?
6
What is the millions digit of 17766837?
7
What is the thousands digit of 380441?
0
What is the hundred thousands digit of 13004139?
0
What is the hundred thousands digit of 200761?
2
What is the tens digit of 2089470?
7
What is the tens digit of 1715438?
3
What is the ten thousands digit of 348937?
4
What is the thousands digit of 118548?
8
What is the hundreds digit of 167075?
0
What is the ten thousands digit of 341820?
4
What is the hundred thousands digit of 4900209?
9
What is the tens digit of 807203?
0
What is the thousands digit of 735121?
5
What is the tens digit of 1901745?
4
What is the thousands digit of 5349081?
9
What is the hundred thousands digit of 23308956?
3
What is the ten thousands digit of 702500?
0
What is the ten millions digit of 20155198?
2
What is the ten thousands digit of 322357?
2
What is the units digit of 361899?
9
What is the thousands digit of 194030?
4
What is the hundred thousands digit of 256827?
2
What is the tens digit of 138541?
4
What is the units digit of 18905671?
1
What is the hundreds digit of 8970132?
1
What is the hundred thousands digit of 2476230?
4
What is the tens digit of 223612?
1
What is the hundreds digit of 92321?
3
What is the tens digit of 189509?
0
What is the hundreds digit of 108787?
7
What is the units digit of 10425050?
0
What is the millions digit of 2545404?
2
What is the hundreds digit of 401459?
4
What is the units digit of 67006?
6
What is the thousands digit of 596521?
6
What is the hundreds digit of 1979905?
9
What is the units digit of 3076500?
0
What is the thousands digit of 13496?
3
What is the thousands digit of 5711711?
1
What is the thousands digit of 11138307?
8
What is the millions digit of 3718618?
3
What is the thousands digit of 645247?
5
What is the ten thousands digit of 1007092?
0
What is the tens digit of 68369?
6
What is the ten thousands digit of 242347?
4
What is the ten thousands digit of 568912?
6
What is the ten thousands digit of 900859?
0
What is the tens digit of 2353306?
0
What is the ten millions digit of 11605495?
1
What is the thousands digit of 12438172?
8
What is the hundred thousands digit of 670343?
6
What is the millions digit of 16162779?
6
What is the ten thousands digit of 1171297?
7
What is the thousands digit of 268347?
8
What is the units digit of 250619?
9
What is the units digit of 12485371?
1
What is the thousands digit of 12899899?
9
What is the hundreds digit of 3152815?
8
What is the millions digit of 2812296?
2
What is the hundred thousands digit of 6249507?
2
What is the thousands digit of 1277882?
7
What is the thousands digit of 3051459?
1
What is the hundreds digit of 223206?
2
What is the hundred thousands digit of 279047?
2
What is the ten thousands digit of 59927?
5
What is the hundreds digit of 76015?
0
What is the ten thousands digit of 1489709?
8
What is the hundreds digit of 24307696?
6
What is the thousands digit of 119735?
9
What is the tens digit of 2023603?
0
What is the hundred thousands digit of 12574615?
5
What is the tens digit of 2806179?
7
What is the tens digit of 284180?
8
What is the hundreds digit of 637694?
6
What is the hundreds digit of 653360?
3
What is the hundreds digit of 5011533?
5
What is the hundred thousands digit of 6662918?
6
What is the tens digit of 302118?
1
What is the hundreds digit of 1292168?
1
What is the ten millions digit of 14680458?
1
What is the hundreds digit of 77487?
4
What is the hundreds digit of 4973911?
9
What is the hundred thousands digit of 8557202?
5
What is the units digit of 11010827?
7
What is the millions digit of 6244846?
6
What is the thousands digit of 3658955?
8
What is the tens digit of 3042838?
3
What is the thousands digit of 71309?
1
What is the ten thousands digit of 5837577?
3
What is the millions digit of 8403320?
8
What is the tens digit of 70267?
6
What is the units digit of 2128183?
3
What is the thousands digit of 6132534?
2
What is the hundreds digit of 3661794?
7
What is the ten thousands digit of 298723?
9
What is the thousands digit of 74138?
4
What is the tens digit of 342935?
3
What is the hundreds digit of 1236?
2
What is the tens digit of 1628400?
0
What is the hundreds digit of 241656?
6
What is the tens digit of 10590590?
9
What is the hundred thousands digit of 2169999?
1
What is the ten thousands digit of 311803?
1
What is the tens digit of 185366?
6
What is the hundred thousands digit of 4147374?
1
What is the ten thousands digit of 714164?
1
What is the tens digit of 218505?
0
What is the units digit of 1114372?
2
What is the hundred thousands digit of 724582?
7
What is the hundreds digit of 1096341?
3
What is the hundreds digit of 6323818?
8
What is the hundred thousands digit of 825099?
8
What is the units digit of 234743?
3
What is the thousands digit of 23703?
3
What is the ten millions digit of 22525896?
2
What is the tens digit of 784317?
1
What is the units digit of 2794489?
9
What is the ten thousands digit of 938508?
3
What is the tens digit of 55910?
1
What is the units digit of 2912647?
7
What is the millions digit of 1590073?
1
What is the hundred thousands digit of 406501?
4
What is the units digit of 14157?
7
What is the units digit of 69866?
6
What is the hundred thousands digit of 278110?
2
What is the units digit of 215758?
8
What is the hundreds digit of 3411254?
2
What is the thousands digit of 7236263?
6
What is the thousands digit of 48985?
8
What is the units digit of 158709?
9
What is the tens digit of 265074?
7
What is the hundreds digit of 23782955?
9
What is the tens digit of 26747?
4
What is the ten thousands digit of 8770862?
7
What is the hundreds digit of 741879?
8
What is the tens digit of 4008738?
3
What is the millions digit of 1002496?
1
What is the hundreds digit of 646763?
7
What is the ten thousands digi